+ 11. Let a(g) = -p(g) - 3*t(g). Give a(3).
1
Suppose 2*j - 2 = -w, 5*j = 4*w + 13 - 86. Suppose -w*r + 473 + 931 = 0. Let y = -116 + r. Let d(x) = -3*x**3 + x**2 + x - 1. What is d(y)?
-2
Suppose 28*k - 7 = 26 + 79. Let p(y) be the third derivative of 0 - 1/12*y**5 + 1/120*y**6 + 0*y**3 + 0*y - 44*y**2 - 1/24*y**k. Give p(5).
-5
Suppose -353*k = 7749 + 370. Let y(o) = 4*o + 85. Determine y(k).
-7
Suppose -2*u + 4*u = -4*a + 6, 2*u = -5*a + 7. Let y(q) be the first derivative of -15*q**2 + 89930. Give y(a).
-30
Let p(h) = 12*h + 336. Let s = -2456 - -2428. Give p(s).
0
Suppose -3*x + 15 = 2*w, -2*x = w - 9 - 0. Suppose x*a - 66 = -4*c, -c + 24 = 2*a + 5. Suppose 4*b + 23 = c. Let z(t) = -4*t + 1. What is z(b)?
9
Let z(q) = -8*q - 91. Let x(w) = 2*w**2 + 31*w - 563. Let o be x(-26). Calculate z(o).
45
Let w(z) = z**3 + 2*z**2 - 4*z - 8. Let g be w(-3). Let f(b) = 3*b + 13. Determine f(g).
-2
Let n(u) = -2*u + 1. Let c(z) = -z**3 + 19*z**2 - 57*z - 48. Let f be c(15). What is n(f)?
7
Let t(a) = -3*a**3 + 89*a**2 - 88*a - 197. Let g(f) = 2*f**3 - 60*f**2 + 59*f + 132. Let x(z) = -8*g(z) - 5*t(z). Give x(34).
-3
Let k(p) = -p**3 - 171*p**2 - 169*p + 171. Let r be k(-170). Let u(y) = 0*y + 2*y**2 + 5*y - 1 - 3*y. Calculate u(r).
3
Let o = 7877 - 7873. Let f(n) = 3*n**3 - 7*n**2 + 4*n - 4. Let q(b) = -13*b**3 + 29*b**2 - 17*b + 17. Let m(a) = 9*f(a) + 2*q(a). What is m(o)?
-10
Let b(s) = s**3 + 7*s**2 + 46*s + 318. Let x(c) = 80*c - 6967. Let w be x(87). Calculate b(w).
-4
Let t(m) = 7*m**2 - 135*m - 21. Let y(w) = -w**2 + 22*w + 3. Let k(l) = -2*t(l) - 13*y(l). Determine k(-12).
51
Suppose 6 = 4*m - 170. Suppose m*h - 80 = 24*h. Let n(c) = -2*c**2 + c + 3. What is n(h)?
-25
Let o(i) = 3*i**2 + 8*i**2 + 4 - 5. Let d be (-4)/(-14) + 5 + 598/(-182). Give o(d).
43
Let r = 28272 - 28300. Let o(f) = -7*f - 198. Determine o(r).
-2
Let y(t) = -t**2 + 9*t + 5. Let c be y(9). Suppose 0*m = c*m - 5. Let q(s) = s + 4*s + s. Calculate q(m).
6
Let t(m) = -m**2 + 25*m + 222. Let l be t(-7). Let q(h) = 2*h**2 + 2*h + 4. What is q(l)?
8
Let v(o) be the first derivative of -o**4/2 - 28*o**3/3 - 27*o**2/2 - 23*o + 821. Calculate v(-13).
-10
Let z(r) = -15 - 16 - 4*r - 8 + 4. Let y be z(-7). Let b(l) be the second derivative of -l**4/12 - 5*l**3/6 + 9*l**2/2 + l. Calculate b(y).
-5
Let u(f) = 30*f**3 + f - 2. Let o = 7970 + -7969. Give u(o).
29
Let m = -2886/5 - -8668/15. Let r(f) be the second derivative of -m*f**3 + 3/2*f**2 + 36*f + 0 + 1/2*f**4. What is r(2)?
19
Let f(b) = 280*b - 174. Let x(c) = 151*c - 87. Let k(d) = 7*f(d) - 13*x(d). Give k(-40).
33
Let u(h) = h**3 + 10*h**2 + 17*h + 19. Let b be -12 + -8 - (-4 + -8). Determine u(b).
11
Let g(c) = 2*c**3 + 18*c**2 - 11. Let r be 1/5*5*45/(-5). Give g(r).
-11
Let k(x) = -15428 + 7626 + 7354 + 37*x. What is k(12)?
-4
Let c(v) = v**2 - 14*v - 17. Suppose i = -3*x - 14, 18 = -4*x - 11*i + 10*i. Let y be (6 + x + -3)*-15. Give c(y).
-2
Let m = 24 + -24. Let l(r) be the third derivative of 0*r + 0 + 4/3*r**3 + 1/24*r**4 + 5*r**2. What is l(m)?
8
Let z = -332 - -334. Let v(u) be the second derivative of u**4/12 - 224*u. Calculate v(z).
4
Let o(a) = -a**2 - 3*a + 3. Let g = -56 - -94. Suppose -g = 17*h + 13. Determine o(h).
3
Let f(s) = 2*s**3 - 10*s**2 + 4*s - 12. Let u(j) = j**2 + 11*j - 97. Let h be u(-17). Determine f(h).
8
Let n be 4/18 - (-102)/27. Let q(c) be the second derivative of 1/12*c**4 - 195*c - 1/3*c**3 + 0*c**2 + 0. What is q(n)?
8
Let j(l) be the second derivative of -1/2*l**3 + 15*l + 5/12*l**4 + 2*l**2 + 0 - 1/20*l**5. Let g = -6 + 10. Determine j(g).
8
Let d(k) be the first derivative of k**2 - 9*k + 4. Let w be d(6). Let j(n) = 2*n**w + 13*n + 5*n**2 - n**3 - 4*n - 6*n - 4. Determine j(-4).
0
Let j(p) be the first derivative of p**4/4 + 5*p**3 + 12*p**2 - 25*p + 698. Give j(-13).
1
Let i(r) = 7*r**2 + 80*r + 23. Suppose 6*j = 67*j + 386 + 285. Determine i(j).
-10
Let a(y) be the third derivative of y**4/6 - 8*y**3/3 - y**2 - 10. Suppose 0 = 3*k + 5*m + 10, 0 = -4*k - 4*m + 6*m + 30. Calculate a(k).
4
Let q = 40 + -50. Let j(f) = 2*f + 24. Let x be j(q). Let o(h) = -h**3 + 3*h**2 + 4. What is o(x)?
-12
Let p(u) be the second derivative of -u**5/20 - 7*u**4/4 - 7*u**3/2 - 9*u**2/2 - 2*u + 168. Give p(-20).
11
Let j(l) = -4*l - 3*l**2 + l**2 + 3*l + 2. Let d be (-3 - 20/(-4))*2. Suppose 0 = -5*x - 2*i - 15, 3*i + 15 = -x - d*x. What is j(x)?
-13
Let i(m) = -m**2 - 6*m + 4. Let q(j) = -j**3 - 8*j**2 - j + 36. Suppose -80*r = -87*r - 49. Let n be q(r). Give i(n).
4
Let y be -3 - (-8 + -2 - -2). Let n = -95 - -95. Suppose n = y*h - 20, -h + 11 = -5*g + 27. Let c(s) = -s + 3. What is c(g)?
-1
Let u(m) = -2*m. Let c = 631 + -631. Let o be (c + 1)/(1*(-11)/(-55)). What is u(o)?
-10
Suppose -o = -4*c - 179, -12*c - 2*o = -17*c - 223. Let q(t) = 2*t + 99. Let b be q(c). Let h(m) = -3*m + 21. What is h(b)?
-6
Let k(n) = 17384*n**2 + 17375*n**2 - 20*n - 34757*n**2 + 17. Calculate k(7).
-25
Let i(r) = -r + 8. Let z be i(4). Suppose 0 = 6*q - z*q - 4. Let p(t) = -26*t**q - t - 27*t**2 + 51*t**2. Determine p(-2).
-6
Let u(t) be the first derivative of -t**3/3 + 7*t**2/2 + 6*t - 8. Suppose 4*r + 12 = c + 3*c, -4*r - 2 = c. Suppose -94 + 82 = -c*i. Give u(i).
12
Let h(c) be the second derivative of -c**4/6 - c**3/3 - c**2/2 - 11*c. Let a = 618 + -619. Calculate h(a).
-1
Let z(g) be the third derivative of -5 - 3/2*g**3 + g**2 + 1/24*g**4 + 0*g. Calculate z(7).
-2
Let r(y) = -7*y**3 + 11*y**2 - 7*y + 12. Let m(s) = -s**3 - s. Let i(d) = 6*m(d) - r(d). Let h = -3486 + 3497. Determine i(h).
-1
Let b(p) be the first derivative of 2*p**3/3 - 13*p**2/2 + 6*p - 113. Calculate b(9).
51
Let n(x) = x**2 + 37*x - 158. Let u be n(-41). Suppose s = 2*p - u, -4*s = -4*p + p + 14. Let q(h) = -h**2 + 5*h + 2. Calculate q(p).
8
Let p be -17 + 10 + -24 + 22. Let f(l) = l**3 + 11*l**2 + 15*l - 22. Give f(p).
5
Suppose 47*m = 69 + 25. Let h(b) be the third derivative of -1/6*b**4 - 1/60*b**5 + 0*b + 0 + 14*b**m + 5/6*b**3. What is h(-5)?
0
Let o(u) be the second derivative of u**5/20 - u**4/4 + u**3 + u**2/2 - 2*u - 117. Calculate o(2).
9
Let c(v) = -v**2 + 2*v - 3. Let n(d) = 1. Let w(g) = -3*g - 15. Let k(z) = 5*n(z) - w(z). Let f be ((-35)/15 - -2)/(-2*(-3)/108). Let r be k(f). Determine c(r).
-3
Let j(b) = 7 + 3*b + 0*b - 2 - 2*b - 6. Let z be (18/27)/(4/(-18)). Give j(z).
-4
Let k(o) = -1 - 161*o**3 + 8*o**2 - 5*o**2 + o**2 - o + 162*o**3. Let h(t) = t + 2. Let r be h(-6). What is k(r)?
3
Let n(t) be the second derivative of -t**5/20 + t**4/3 - 4*t**2 - 2837*t. Calculate n(5).
-33
Let a(k) be the first derivative of k**4/4 + 7*k**3/3 + 3*k**2/2 - 6*k - 5. Suppose -204*z = 493 + 284 + 243. Determine a(z).
29
Suppose 4*u + 35 = 9*u. Let k be 3/((1/(-3))/(u/(-63))). Let b(m) = 3 - 5*m**2 - 3. What is b(k)?
-5
Let h(o) = 2*o**2 + 49*o + 28. Let b be h(-24). Let n(l) = 18*l - b*l - 2 - 12*l. Determine n(3).
4
Suppose 4*n - 18 + 5 = -r, -5*r + n + 23 = 0. Let k(y) = 8*y. Let c(x) = -13*x. Let w(l) = r*k(l) + 3*c(l). Give w(5).
5
Let h(x) = -8*x**2 - 2*x + 5. Let t(w) = 196*w + 4702. Let s be t(-24). Determine h(s).
-23
Let i(b) be the third derivative of b**6/120 - b**5/10 - 5*b**4/12 + b**3 - 15*b**2. Let n be (1/1)/((-5)/(-35)). Determine i(n).
-15
Let o = 12614 + -12606. Let q(s) = 3*s**2 - 9*s. What is q(o)?
120
Let n(z) = -43 + 4*z**2 + 69 + 15*z - 8*z - 3*z**2 + 6*z. Determine n(-13).
26
Let t(r) = 2*r**3 + 80*r + 0 - 81*r + 7 - 2*r**3 + r**2 - r**3. What is t(-4)?
91
Let o(z) = -z**2 - 32*z + 3. Let m(n) = 7*n**2 + 79*n - 6. Let i(j) = 2*m(j) + 5*o(j). Let y = 1 + 1. What is i(y)?
35
Let c(t) = -t**3 - 3*t**2 - 4*t - 2. Let b = 23 - -13. Suppose 0 = 5*j + 16 - b. Let n(w) = -w + 2. Let d be n(j). What is c(d)?
2
Let y(a) = -a**3 + 9*a**2 - 2*a - 21. Suppose 16*h + 27 = -2*h + 153. Give y(h).
63
Let p(i) be the first derivative of i**5/60 + 5*i**4/8 + 4*i**3/3 - i**2/2 - 45*i - 1. Let d(x) be the second derivative of p(x). Determine d(-14).
-6
Let o(p) = p + 15. Let i(v) = 15*v + 47. Let s(f) = -i(f) + 7*o(f). Calculate s(9).
-14
Let r be 190/45 + 4/(-18). Let a(n) be the second derivative of 14*n**3/3 - 9*n**2/2 - 10*n. Let t(b) = 15*b - 5. Let o(w) = 6*a(w) - 11*t(w). Calculate o(r).
13
Let t(p) = 3*p**3 - p. Suppose -4*l 